ctors of 958?
2, 479
List the prime factors of 62721.
3, 23, 101
List the prime factors of 23783.
17, 1399
What are the prime factors of 3438?
2, 3, 191
What are the prime factors of 1781?
13, 137
List the prime factors of 38075.
5, 1523
List the prime factors of 101504.
2, 13, 61
List the prime factors of 10391.
10391
List the prime factors of 1301.
1301
List the prime factors of 17267.
31, 557
List the prime factors of 9506.
2, 7, 97
What are the prime factors of 4093?
4093
What are the prime factors of 1932?
2, 3, 7, 23
List the prime factors of 3568.
2, 223
What are the prime factors of 26073?
3, 2897
What are the prime factors of 8507?
47, 181
List the prime factors of 32366.
2, 16183
List the prime factors of 1626.
2, 3, 271
List the prime factors of 6439.
47, 137
What are the prime factors of 186?
2, 3, 31
List the prime factors of 1385.
5, 277
What are the prime factors of 41045?
5, 8209
List the prime factors of 15053.
15053
List the prime factors of 11123.
7, 227
What are the prime factors of 95552?
2, 1493
List the prime factors of 8887.
8887
List the prime factors of 2016.
2, 3, 7
What are the prime factors of 6225?
3, 5, 83
List the prime factors of 148.
2, 37
List the prime factors of 18225.
3, 5
List the prime factors of 53.
53
What are the prime factors of 54604?
2, 11, 17, 73
List the prime factors of 8370.
2, 3, 5, 31
List the prime factors of 13637.
13, 1049
List the prime factors of 8589.
3, 7, 409
List the prime factors of 8987.
11, 19, 43
List the prime factors of 4550.
2, 5, 7, 13
List the prime factors of 2194.
2, 1097
What are the prime factors of 1646?
2, 823
What are the prime factors of 989?
23, 43
List the prime factors of 58726.
2, 29363
What are the prime factors of 2264?
2, 283
What are the prime factors of 19094?
2, 9547
What are the prime factors of 1105?
5, 13, 17
What are the prime factors of 42789?
3, 17, 839
List the prime factors of 78549.
3, 26183
What are the prime factors of 69096?
2, 3, 2879
List the prime factors of 825.
3, 5, 11
List the prime factors of 1937.
13, 149
List the prime factors of 6407.
43, 149
List the prime factors of 16850.
2, 5, 337
What are the prime factors of 33893?
33893
What are the prime factors of 8141?
7, 1163
What are the prime factors of 17198?
2, 8599
List the prime factors of 3145.
5, 17, 37
What are the prime factors of 995?
5, 199
What are the prime factors of 18017?
43, 419
What are the prime factors of 190116?
2, 3, 5281
List the prime factors of 7699.
7699
What are the prime factors of 2846?
2, 1423
List the prime factors of 91436.
2, 22859
List the prime factors of 1990.
2, 5, 199
List the prime factors of 175147.
7, 131, 191
List the prime factors of 23762.
2, 109
List the prime factors of 5584.
2, 349
List the prime factors of 20822.
2, 29, 359
What are the prime factors of 7726?
2, 3863
List the prime factors of 2136.
2, 3, 89
What are the prime factors of 6920?
2, 5, 173
List the prime factors of 12663.
3, 7, 67
What are the prime factors of 30226?
2, 7, 17, 127
List the prime factors of 48270.
2, 3, 5, 1609
What are the prime factors of 80547?
3, 26849
What are the prime factors of 935?
5, 11, 17
What are the prime factors of 22710?
2, 3, 5, 757
List the prime factors of 3125.
5
List the prime factors of 18864.
2, 3, 131
List the prime factors of 36247.
67, 541
List the prime factors of 115614.
2, 3, 2141
What are the prime factors of 2469?
3, 823
What are the prime factors of 1179?
3, 131
What are the prime factors of 1828?
2, 457
List the prime factors of 103925.
5, 4157
What are the prime factors of 67284?
2, 3, 7, 89
What are the prime factors of 137?
137
List the prime factors of 766.
2, 383
What are the prime factors of 13029?
3, 43, 101
List the prime factors of 83417.
83417
List the prime factors of 203418.
2, 3, 3767
What are the prime factors of 62857?
239, 263
List the prime factors of 121.
11
List the prime factors of 36873.
3, 17, 241
What are the prime factors of 448?
2, 7
What are the prime factors of 14886?
2, 3, 827
List the prime factors of 3267.
3, 11
List the prime factors of 1248.
2, 3, 13
List the prime factors of 2934.
2, 3, 163
List the prime factors of 682.
2, 11, 31
List the prime factors of 1470.
2, 3, 5, 7
List the prime factors of 3338.
2, 1669
List the prime factors of 6175.
5, 13, 19
List the prime factors of 6813.
3, 757
What are the prime factors of 1026?
2, 3, 19
List the prime factors of 53410.
2, 5, 7, 109
What are the prime factors of 2720?
2, 5, 17
List the prime factors of 1430.
2, 5, 11, 13
List the prime factors of 1756.
2, 439
List the prime factors of 1152.
2, 3
What are the prime factors of 134?
2, 67
List the prime factors of 35539.
7, 5077
What are the prime factors of 2558?
2, 1279
What are the prime factors of 14?
2, 7
List the prime factors of 2581.
29, 89
List the prime factors of 518.
2, 7, 37
List the prime factors of 937.
937
List the prime factors of 1877.
1877
What are the prime factors of 719?
719
List the prime factors of 13468.
2, 7, 13, 37
What are the prime factors of 168?
2, 3, 7
What are the prime factors of 4602?
2, 3, 13, 59
What are the prime factors of 7214?
2, 3607
List the prime factors of 1014.
2, 3, 13
What are the prime factors of 14803?
113, 131
What are the prime factors of 8853?
3, 13, 227
List the prime factors of 1018.
2, 509
List the prime factors of 50961.
3, 16987
What are the prime factors of 45975?
3, 5, 613
List the prime factors of 827.
827
What are the prime factors of 14164?
2, 3541
What are the prime factors of 412?
2, 103
List the prime factors of 22991.
83, 277
What are the prime factors of 10404?
2, 3, 17
What are the prime factors of 2541?
3, 7, 11
List the prime factors of 20748.
2, 3, 7, 13, 19
List the prime factors of 33414.
2, 3, 5569
List the prime factors of 1112.
2, 139
What are the prime factors of 54132?
2, 3, 13, 347
What are the prime factors of 121982?
2, 7, 8713
What are the prime factors of 1362?
2, 3, 227
List the prime factors of 38246.
2, 13, 1471
List the prime factors of 2010.
2, 3, 5, 67
List the prime factors of 3060.
2, 3, 5, 17
What are the prime factors of 20791?
17, 1223
List the prime factors of 17531.
47, 373
List the prime factors of 1159.
19, 61
What are the prime factors of 16939?
13, 1303
What are the prime factors of 2150?
2, 5, 43
What are the prime factors of 39042?
2, 3, 241
What are the prime factors of 3787?
7, 541
What are the prime factors of 16016?
2, 7, 11, 13
List the prime factors of 4200.
2, 3, 5, 7
What are the prime factors of 6929?
13, 41
List the prime factors of 33806.
2, 16903
What are the prime factors of 7014?
2, 3, 7, 167
What are the prime factors of 148?
2, 37
What are the prime factors of 30644?
2, 47, 163
What are the prime factors of 4631?
11, 421
List the prime factors of 3061.
3061
List the prime factors of 114.
2, 3, 19
List the prime factors of 5678.
2, 17, 167
List the prime factors of 25770.
2, 3, 5, 859
What are the prime factors of 2952?
2, 3, 41
List the prime factors of 1253.
7, 179
What are the prime factors of 13300?
2, 5, 7, 19
What are the prime factors of 48383?
48383
List the prime factors of 36028.
2, 9007
List the prime factors of 25630.
2, 5, 11, 233
List the prime factors of 2970.
2, 3, 5, 11
What are the prime factors of 110924?
2, 11, 2521
List the prime factors of 6763.
6763
What are the prime factors of 2980?
2, 5, 149
List the prime factors of 4767.
3, 7, 227
What are the prime factors of 382?
2, 191
List the prime factors of 18708.
2, 3, 1559
List the prime factors of 22506.
2, 3, 11, 31
List the prime factors of 26946.
2, 3, 499
List the prime factors of 44376.
2, 3, 43
What are the prime factors of 1388?
2, 347
List the prime factors of 3317.
31, 107
List the prime factors of 334.
2, 167
List the prime factors of 5220.
2, 3, 5, 29
What are the prime factors of 11844?
2, 3, 7, 47
What are the prime factors of 188?
2, 47
List the prime factors of 10985.
5, 13
What are the prime factors of 5654?
2, 11, 257
What are the prime factors of 37395?
3, 5, 277
What are the prime factors of 43142?
2, 11, 37, 53
What are the prime factors of 1669?
1669
What are the prime factors of 4191?
3, 11, 127
List the prime factors of 1121.
19, 59
What are the prime factors of 2471?
7, 353
List the prime 